{"id":171,"date":"2020-11-04T13:54:48","date_gmt":"2020-11-04T13:54:48","guid":{"rendered":"https:\/\/fc-niederkalbach.de\/?page_id=171"},"modified":"2025-09-18T13:50:20","modified_gmt":"2025-09-18T13:50:20","slug":"rueckenfitness","status":"publish","type":"page","link":"https:\/\/fc-niederkalbach.de\/?page_id=171","title":{"rendered":"Ganzk\u00f6rper Kr\u00e4ftigung"},"content":{"rendered":"\n<hr class=\"wp-block-separator has-css-opacity\"\/>\n\n\n\n<h3 class=\"wp-block-heading\">Ganzk\u00f6rper Kr\u00e4ftigung findet immer am<\/h3>\n\n\n\n<h3 class=\"wp-block-heading\">Mittwoch ab 18.30 Uhr <br>mit unserer zertifizierten Trainerin <br>Britta D\u00fcnges <br>im B\u00fcrgerhaus Niederkalbach statt.<br>Dauer: 75 Minuten.<\/h3>\n\n\n\n<p>Die Kurse sind bei der Krankenkasse anerkannt und werden teilweise auch finanziell unterst\u00fctzt.<\/p>\n\n\n\n<p>Teilnahmegeb\u00fchr 4 Euro f\u00fcr Nicht-Mitglieder. 3 Euro f\u00fcr Mitglieder.<\/p>\n\n\n\n<p>Bei R\u00fcckfragen bitte direkt mit Britta in Kontakt treten (<strong>017692233139<\/strong>).<br><\/p>\n\n\n\n<figure class=\"wp-block-image size-large\"><img loading=\"lazy\" decoding=\"async\" width=\"227\" height=\"202\" src=\"https:\/\/fc-niederkalbach.de\/wp-content\/uploads\/2020\/11\/SportproGesundheit-1.jpg\" alt=\"\" class=\"wp-image-172\"\/><\/figure>\n\n\n\n<figure class=\"wp-block-image size-full\"><img loading=\"lazy\" decoding=\"async\" width=\"640\" height=\"640\" src=\"https:\/\/fc-niederkalbach.de\/wp-content\/uploads\/2025\/09\/original-475F1E4C-75AC-4C48-9729-E61CE5E76711.jpeg\" alt=\"\" class=\"wp-image-533\" srcset=\"https:\/\/fc-niederkalbach.de\/wp-content\/uploads\/2025\/09\/original-475F1E4C-75AC-4C48-9729-E61CE5E76711.jpeg 640w, https:\/\/fc-niederkalbach.de\/wp-content\/uploads\/2025\/09\/original-475F1E4C-75AC-4C48-9729-E61CE5E76711-300x300.jpeg 300w, https:\/\/fc-niederkalbach.de\/wp-content\/uploads\/2025\/09\/original-475F1E4C-75AC-4C48-9729-E61CE5E76711-150x150.jpeg 150w, https:\/\/fc-niederkalbach.de\/wp-content\/uploads\/2025\/09\/original-475F1E4C-75AC-4C48-9729-E61CE5E76711-100x100.jpeg 100w\" sizes=\"auto, (max-width: 640px) 100vw, 640px\" \/><\/figure>\n","protected":false},"excerpt":{"rendered":"<p>Ganzk\u00f6rper Kr\u00e4ftigung findet immer am Mittwoch ab 18.30 Uhr mit unserer zertifizierten Trainerin Britta D\u00fcnges im B\u00fcrgerhaus Niederkalbach statt.Dauer: 75 Minuten. Die Kurse sind bei der Krankenkasse anerkannt und werden teilweise auch finanziell unterst\u00fctzt. Teilnahmegeb\u00fchr 4 Euro f\u00fcr Nicht-Mitglieder. 3 Euro f\u00fcr Mitglieder. Bei R\u00fcckfragen bitte direkt mit Britta in Kontakt treten (017692233139).<\/p>\n","protected":false},"author":2,"featured_media":0,"parent":59,"menu_order":0,"comment_status":"closed","ping_status":"closed","template":"template-page-builder.php","meta":{"footnotes":""},"class_list":["post-171","page","type-page","status-publish","hentry"],"_links":{"self":[{"href":"https:\/\/fc-niederkalbach.de\/index.php?rest_route=\/wp\/v2\/pages\/171","targetHints":{"allow":["GET"]}}],"collection":[{"href":"https:\/\/fc-niederkalbach.de\/index.php?rest_route=\/wp\/v2\/pages"}],"about":[{"href":"https:\/\/fc-niederkalbach.de\/index.php?rest_route=\/wp\/v2\/types\/page"}],"author":[{"embeddable":true,"href":"https:\/\/fc-niederkalbach.de\/index.php?rest_route=\/wp\/v2\/users\/2"}],"replies":[{"embeddable":true,"href":"https:\/\/fc-niederkalbach.de\/index.php?rest_route=%2Fwp%2Fv2%2Fcomments&post=171"}],"version-history":[{"count":8,"href":"https:\/\/fc-niederkalbach.de\/index.php?rest_route=\/wp\/v2\/pages\/171\/revisions"}],"predecessor-version":[{"id":534,"href":"https:\/\/fc-niederkalbach.de\/index.php?rest_route=\/wp\/v2\/pages\/171\/revisions\/534"}],"up":[{"embeddable":true,"href":"https:\/\/fc-niederkalbach.de\/index.php?rest_route=\/wp\/v2\/pages\/59"}],"wp:attachment":[{"href":"https:\/\/fc-niederkalbach.de\/index.php?rest_route=%2Fwp%2Fv2%2Fmedia&parent=171"}],"curies":[{"name":"wp","href":"https:\/\/api.w.org\/{rel}","templated":true}]}}